 digit of z?
7
Let u(c) = -311*c**3 - 4*c**2 - 19*c - 51. What is the tens digit of u(-3)?
6
Let d = 23062 + 24189. What is the tens digit of d?
5
Let q(u) = u**2 + 3*u + 2. Let i be q(-4). Suppose 9 = i*k + 3. What is the units digit of 0 - (-99 - (k - 4))?
6
Suppose -3*j + 13 - 7 = 0. Suppose -108 = -5*s + 3*q, j*s - 4*q = -7*q + 39. What is the tens digit of 2178/s + 3 + (-8)/(-28)?
0
Suppose -19*r + 27*r = 7808. Let k = 1463 - r. What is the units digit of k?
7
Suppose -61285 - 287875 = -56*j. What is the units digit of j?
5
Suppose 57 = -2*v + 235. Let c = v + -492. Let l = -280 - c. What is the tens digit of l?
2
Let p(t) = 9 - t + t - 13*t**2. Let d(x) = 25*x**2 - 17. Let h(l) = 3*d(l) + 5*p(l). What is the units digit of h(2)?
4
What is the tens digit of 333064/5 - (-1375)/625?
1
Let a(x) = -3*x**3 + 2*x**2 - 4*x + 2. Let j be a(2). What is the tens digit of 8/(-6) + j*1010/(-60)?
6
Let l(x) = -6*x**3 - 5*x**2 - 4*x. Let h be l(-3). Let w = h + -70. Let b = 163 - w. What is the hundreds digit of b?
1
Let l(u) = -177*u**2 + 7*u. Let a be l(2). Let m = a - -1253. What is the units digit of m?
9
Suppose -81*m - 59*m + 4340 = 0. What is the units digit of m?
1
Suppose 0 = 6*j - 42807 + 11919. What is the hundreds digit of j?
1
Let k = 5297 + -2828. What is the thousands digit of k?
2
Let w be (0 - 11/(-4))/(16/(-64)). Let r(n) = -n**3 - 8*n**2 + 29*n - 7. What is the tens digit of r(w)?
3
Suppose -10*n - 41 = -61. Suppose -2*j - 3*w = -1327 + 132, -w - 1183 = -n*j. What is the hundreds digit of j?
5
Let c(y) = -3*y + 11. Let w be c(11). Let z = w + 27. What is the tens digit of ((-355)/z + 3)*-1?
6
Let w(f) be the third derivative of -3*f**6/8 - f**5/60 - f**4/24 + f**3/6 + 205*f**2. What is the hundreds digit of w(-2)?
3
Let o(j) be the second derivative of 16*j**3/3 + 6*j**2 - 6*j. Let k be o(3). Suppose -m + 36 = -b, -3*b = 4*m - m - k. What is the units digit of m?
6
Suppose s + 20 = -3*s, 0 = 3*a + 3*s + 969. Let b = 90 + a. Let t = 360 + b. What is the hundreds digit of t?
1
Suppose -15*x = 35*x + 99300. Let r = -758 - x. What is the tens digit of r?
2
Let z = -6397 + -7093. What is the units digit of 3/((-5)/z*6)?
9
What is the tens digit of (-13)/65*-259*115?
5
Let q(i) = 90*i**2 + 90*i - 55. What is the units digit of q(-6)?
5
Let y(i) = i**3 - 18*i + 7 - 4*i**2 + 0*i**2 + 4 + 0*i**2. Let w be y(7). Let q = 1 + w. What is the units digit of q?
3
Suppose 422*o - 419*o - 15 = 0. What is the units digit of 6094/8 + o/(-40)*-2?
2
Let v = -31 - -34. Let n be v/(1 + 2)*(-3 - -3). Suppose 5*w + 212 = 2*t, n*w = -2*t + 2*w + 206. What is the tens digit of t?
0
Let s(h) = 3*h**2 - 3*h + 18. Let n = -281 - -281. What is the tens digit of s(n)?
1
Suppose 0 = 4*a - a - 807. Suppose -6*m + 29 - a = 0. Let u = m + 46. What is the units digit of u?
6
Let p(f) = -f**2 - 36*f - 43. Let x be p(-23). Let l = 324 - x. What is the units digit of l?
8
Suppose -4*a - 10431 = -26675. What is the tens digit of a?
6
What is the tens digit of (696/(-18))/((-4)/402)?
8
Let n be (0/(1 + (-1 - -2)))/(-2). Suppose -5*j - 5*i + 509 + 1536 = n, i + 1231 = 3*j. Suppose 11*g = g + j. What is the units digit of g?
1
Suppose 3*z - 196 = -2*d, -2*z - 5*d + 202 = z. Suppose -4*o + z + 28 = -4*r, 0 = -3*o + 2*r + 73. Let t = 35 - o. What is the units digit of t?
8
Suppose -2*s - v + 64836 - 24548 = 0, -3*s + 60412 = -v. What is the tens digit of s?
4
Let i = -1940 - -5365. What is the units digit of i?
5
Suppose -8 = 2*j + 2*i + 8, -5*j - 28 = -i. What is the tens digit of j/(-14) - 163829/(-161)?
1
Let m(l) = -3*l + 29. Let r be 1*(-2)/((-4)/18). Let w be m(r). What is the hundreds digit of (-2226)/(-22) - w/11?
1
Let g(p) be the second derivative of 87*p**4/4 - p**3/6 + p**2/2 - 83*p. What is the units digit of g(1)?
1
Let x be (0 - 7) + 2 - 7. Let r be (-66)/x - (-9)/(-6). Suppose 0 = -5*p - 3*u + 89, r*p = u + 65 - 4. What is the units digit of p?
6
Let q(k) = 66*k**2 - 84*k + 1289. What is the thousands digit of q(12)?
9
Let i(h) = -24*h**3 + 25*h**2 + 173*h - 24. What is the hundreds digit of i(-9)?
9
Suppose -5*i - 2*x = 3850, 2311 = -3*i - 5*x + 4*x. Let k = -338 - i. What is the units digit of k?
4
Let b(j) = -145*j - 10 - 69*j - 51*j. What is the tens digit of b(-3)?
8
Suppose 4*d - 45780 = -4*x + 8*d, -3*x + 5*d + 34347 = 0. What is the tens digit of x?
3
Let p = -104 + 107. Suppose p*k - 742 = -226. What is the hundreds digit of k?
1
Suppose 21*c - 1292388 = -57*c + 282822. What is the thousands digit of c?
0
Suppose 0 = -t + l + 7, -3*t - l + 17 = 2*t. Suppose -3*r - 5*j + 143 = 0, t*j - 148 = 2*r - 5*r. What is the units digit of r?
6
Suppose -11 = 3*s + 4, q - 5*s + 25 = 0. Suppose -243 = -4*b + b - 2*w, -b - 2*w = -85. Let a = q + b. What is the tens digit of a?
2
Let n(f) = f + 11. Let x be n(-11). Suppose 0 = -w + 4, x*l - 5*l = -3*w + 42. Let s(k) = -k**3 - 2*k**2 + 7*k + 13. What is the units digit of s(l)?
5
Suppose 4*n + 19976 = -5*o + 60314, -2 = -n. What is the thousands digit of o?
8
Let x = -9545 + 11058. What is the hundreds digit of x?
5
Let z(b) = 6*b - 71. Let g be z(14). Let u(n) = 2*n - 5. Let l be u(6). Let f = l + g. What is the units digit of f?
0
Suppose 13*u = 7*u. What is the hundreds digit of 98 - u - (-105)/35?
1
Let w(m) be the first derivative of 16*m**2 + 36*m + 69. What is the hundreds digit of w(4)?
1
Suppose 0*o + 43591 = 5*y - 4*o, o = -4*y + 34856. What is the hundreds digit of y?
7
Let h(f) = -15*f + 15. Let r(m) = -2*m**3 - 22*m**2 - 21*m - 13. Suppose 3*g = -14 - 16. Let a be r(g). What is the tens digit of h(a)?
6
Suppose 17 + 18 = -5*r, 2*r = -4*x + 9478. What is the thousands digit of x?
2
Let y be -3 - -55 - (-5 + 1). Suppose -3*g = 2*f - 2146 + 622, 4*g - 2030 = -2*f. Suppose 0 = -9*c - y + g. What is the tens digit of c?
5
Suppose -v + 40 = 9*v. Suppose 0 = -6*a + v*a + 10. Let z(y) = 5*y**2 - 16*y - 4. What is the tens digit of z(a)?
4
Suppose -2*p = -13*p + 3036. What is the units digit of p/(-1)*248/(-93)?
6
Suppose -d + 2*l = 1, 4*d - 4*l + 9 = -7. Let f = d - -12. Suppose f*v + 5*w = 3*w + 180, 5*v + 5*w - 195 = 0. What is the tens digit of v?
3
Let b be 1/((-93)/(-301) - (-4)/(-14)). Suppose 180 = 5*j + 5*f, 3*j - 5*f - 105 = b. Suppose 3*i + 50 = 3*z - 85, -z + j = -5*i. What is the tens digit of z?
4
Let b = -1984 + 2790. Suppose 3*a - 8 = q - 3, -5*a + 2*q = -8. Suppose -1005 = -5*w - 0*h - 2*h, 4*w + a*h - b = 0. What is the units digit of w?
9
Let s(k) = -51*k**2 - 14*k + 33. Let f be s(12). What is the hundreds digit of 10*(f/(-405) + (-2)/3)?
1
Let u be -1154*(9 + -8) - 1*3. Let x = u + 1847. What is the units digit of x?
0
Suppose -4*y - 2*m = -16648, -y - m = -1404 - 2760. What is the units digit of y?
0
Suppose 15 = -5*k, 27*x - 5*k + 6844 = 28*x. What is the tens digit of x?
5
Suppose 233 = -5*f - 3*g, -2*g + g + 229 = -5*f. What is the tens digit of f/(-23) + 275 + -2?
7
Let o(l) = 7*l + 4. Let c be (3 - (-3 - 2))/(1/(-1)). Let r(z) = -z**2 - 5*z + 37. Let h be r(c). What is the tens digit of o(h)?
9
Suppose 4*a + 16*a + 23900 = 0. Let x = 251 - a. What is the units digit of x?
6
Suppose 2*k - 56 = 10. Suppose -4*f = -5*z + 87, 4*f - 3*z + 114 = k. Let v(b) = -b**2 - 16*b + 37. What is the units digit of v(f)?
1
Let v(a) = -a**3 - 5*a**2 + 3*a - 3. Let b(j) = j**3 + 2*j**2. Let u(f) = -2*b(f) - v(f). What is the tens digit of u(-6)?
7
Suppose -4*u + 7 = -5, 3*p - 2*u = 12. Suppose 4*w + 4*c + 24 = 0, 3*c - p - 16 = w. Let s(v) = v**3 + 10*v**2 - 8*v - 13. What is the tens digit of s(w)?
6
Let h = 96 - 100. Let v(f) = 7*f + 22. Let y be v(h). What is the tens digit of 1265/10 + -2 + (-3)/y?
2
Suppose 6*w - 17 = -4*v + 3*w, -v - 12 = 4*w. Suppose v*h - 10*h + 518 = 0. What is the tens digit of h?
5
Let v = 41 + -42. Let u(z) = -582*z**3 - z**2 - z + 1. Let s be u(v). What is the tens digit of 2/(-7) - s/(-7)?
8
Let d = 34147 + -20445. What is the units digit of d?
2
What is the thousands digit of (-103488)/(-70) + -10 - (-6)/(-15)?
1
Let p(m) = m**2 + 3*m - 1. Let a be (0 - 9/(-6))/(12/(-40)). Let l be p(a). What is the units digit of -120*((-180)/16)/l?
0
Let o = -141 + 138. Let i(z) = 81*z**2 - z - 25. What is the hundreds digit of i(o)?
7
Suppose -7 = 2*n - n. Let c(l) be the third derivati